**2 - 3*g + 1. Let s(p) = -p + 2*p - 1 + p**3 + 0. Let t(i) = -l(i) - 4*s(i). Suppose 15*v + 115 = 55. Give t(v).
7
Let c(z) = z**3 - z + 4. Suppose 0 = -u + 4*r + 20, 31*u - 28*u - 5*r = 25. Calculate c(u).
4
Let p = 10 + -17. Let c(y) be the first derivative of y**4/4 + 2*y**3 - 4*y**2 - 3*y - 4. Calculate c(p).
4
Let b(z) = 62*z - 19*z - 11*z - 15*z + 1 - 18*z. Let t be 8/3 + 4/(-6). Give b(t).
-1
Let g(p) = p - 7. Suppose 2*k + 3 = -3. Suppose 150 - 490 = 5*h - 5*n, 0 = 3*h - 5*n + 196. Let a be (h/(-16))/(k/(-4)). Determine g(a).
-1
Let m(x) be the first derivative of -5/3*x**3 - 5/2*x**2 + x - 37 - 1/4*x**4. Calculate m(-4).
5
Suppose -4*o - d = -2*d - 2, -o - 7 = -4*d. Let h(c) = -6*c**2 + 44*c**2 - 1 + 2*c - 22*c**2. What is h(o)?
17
Let k be (-110)/(-14) + -7 + 350/49. Let s(q) = q**2 - 8*q - 7. What is s(k)?
-7
Let z(g) = g**3 + 6*g**2 - g - 5. Suppose 17*n = 14*n - 36. Let m(j) = -2*j - 30. Let t be m(n). Determine z(t).
1
Let l(k) = 21*k - 107. Let r be l(5). Let y(o) = -o**3 - 4*o**2 - 2*o - 3. What is y(r)?
-7
Let g(k) = -2*k**3 + 10*k - 6*k + k**3 - 3*k**2 - 7*k. Give g(-3).
9
Let b(x) = x**2 - 13*x + 1. Let n(i) = 3*i**2 - 27*i + 3. Let o(v) = 5*b(v) - 2*n(v). Give o(-12).
-13
Suppose -4*b - 5*v = 8, -3*b + 2*v + 2*v = -25. Let l(r) = 3*r**2 - 5*r**3 + r + r + 1 + 4*r**b. Suppose 0 = -317*x + 321*x + 5*d - 1, -6 = 2*d. What is l(x)?
-7
Suppose -2*w + 2*p = -8, -3*p - 43 = -4*w - 8*p. Let c(k) be the first derivative of w - 5/3*k**3 + k**2 - k + 1/2*k**4. Determine c(3).
14
Let b(y) = y**2 - y - 5. Let u(s) = 3*s**2 - 8*s - 6. Let f(a) = -4*b(a) + u(a). Determine f(-6).
2
Suppose -4*b + 10*q + 56 = 15*q, 3*q - 21 = -b. Let d be (1 + 1)*(-1)/(-1). Let h(v) = 0*v + 8*v**3 - b*v**3 + d*v + 4*v**2. Determine h(4).
8
Suppose -2*r + 8 = 0, -4*s - 3*r + 2*r = 0. Let u(c) = -4*c + 2. Determine u(s).
6
Let i(n) = 2*n**2 - 10 - 217*n + 229*n - 4*n**2 + n**2 + 2*n**2. Calculate i(-14).
18
Let h(b) = -6 + 5 - 21*b**2 - 9*b**2 + 29*b**2 + 3*b + 0*b**2. Suppose 0*r - 2*z = 2*r, r + 4*z = -12. What is h(r)?
-5
Let d = 27 + -20. Suppose -15*c + 16*c - d = 0. Let z(m) = -m**3 + 6*m**2 + 5*m + 4. Give z(c).
-10
Let f(h) = -56*h + h**2 - 50*h + 101*h. Suppose -3*m = -10 - 8. Calculate f(m).
6
Let s(b) be the first derivative of -b**2/2 + b + 2. Let i be (3 - 1)*(2 - 1). Suppose -2 = 2*g - i*u, 5*g + u = 9 + 10. Give s(g).
-2
Let m(y) = -8*y**3 - 8*y**2 + 6*y - 3. Let a(w) = 9*w**3 + 9*w**2 - 7*w + 4. Let t(d) = -6*a(d) - 7*m(d). Give t(-3).
-39
Suppose 0 = -b + 2*b - 3. Suppose 3*l - 9 = -4*k + 22, b*k + 5*l = 37. Suppose -3*u - 4*r + k + 17 = 0, -2*u + 3 = -r. Let c(a) = a**2 - a + 4. What is c(u)?
10
Let z(m) = -m**3 + 31*m**2 + 32*m + 3. Let f = -562 - -594. What is z(f)?
3
Let n(t) be the second derivative of t**5/20 + t**4/3 - t**3/6 + 7*t**2/2 - 3*t. Suppose 2*q + 3 = 2*x - 9, 0 = -x + 1. Determine n(q).
-13
Let g(u) = -u**3 - 9*u**2 - 11*u + 4. Let t be g(-8). Let x = 32 - t. Suppose -4*d + 12 = x*y, -2*y + 5 + 8 = -5*d. Let c(f) = -6*f. Calculate c(d).
6
Let y(t) = -4*t - 4. Suppose 0 = -26*u - 361 + 309. What is y(u)?
4
Let i(l) = -3*l**3 - 220 + 220 + 13*l - 14*l. Give i(1).
-4
Let h(k) = k**3 + 3*k**2 + k + 3. Let t be (702/(-12))/(-13) + (-1)/2. Let r be (2/t)/(((-17)/6)/17). Determine h(r).
0
Let u(p) = 5*p**2 - p - 37. Let k(n) = 11*n**2 - 2*n - 78. Let c(j) = -6*k(j) + 13*u(j). Let o be (-9)/12 - 12/(-16). What is c(o)?
-13
Let m(k) = -2*k - 3. Let c(r) = -r**2 + 18*r + 24. Let t(a) = c(a) + 5*m(a). Calculate t(9).
0
Let o = 49 - 37. Let w be (-6)/o*0/(-2). Let d(p) be the first derivative of p**2/2 + 7*p + 1. What is d(w)?
7
Let o(g) = -3 - g**2 - 7*g**2 - 37*g - 43*g + 78*g + 3*g**3. Calculate o(3).
0
Suppose -z + 2*z - 9 = -4*t, -4*t = -4*z - 4. Suppose -3*r + t*l = 2 + 10, -5*r + l - 20 = 0. Let h(b) = 4*b + 0*b + 2*b + 0*b - 2 - 9*b. Determine h(r).
10
Suppose -3*b - b + 9 = g, -g = b. Suppose n + 3*n - 8 = -2*t, -2*t + 2*n + 2 = 0. Let k(m) = -m**t + 4 - 2*m - 1 + 4*m + 0. Give k(g).
-12
Let h be (-57)/(-9) + 8/(-6). Let n be h/(-10) - (-21)/6. Let w(y) = -2*y**2 + 3*y + 1. What is w(n)?
-8
Let i be (-152)/(-57) - (-4)/(-6). Suppose -z = i*z - 3. Let t(r) be the second derivative of -5*r**4/6 - r**3/6 + r**2/2 - 2*r. What is t(z)?
-10
Let l = 24 - 19. Let x(i) = -i**3 + 6*i**2 - 5*i - 9. Let s be x(l). Let z be 1/(s/2 + 4). Let p(h) = h**2 - 3*h - 1. Calculate p(z).
9
Let z(s) = 2*s + 1 - 3*s**2 + s**3 - 1. Let r be 40/22 - (-54)/297. Determine z(r).
0
Let s = 55 - 53. Let w(k) = -12*k - 2 - 306*k**2 + 307*k**s + 0. What is w(12)?
-2
Let c(q) be the second derivative of q**5/20 + q**4/3 + q**3/6 + 7*q**2/2 - 6*q. Let f be c(-4). Let b(t) = -9*t**3 - 1 + 14*t**3 - 5*t**2 - 6*t**f. Give b(-4).
-17
Let m(q) = q**2 - 5*q - 4. Suppose -n - 3*n = -32. Suppose 0 = f + 3*t - 42, 4*f + 2*t - 123 = 5*t. Suppose -f = -5*u - n. What is m(u)?
-4
Let t(m) = -4*m - 23. Let k be t(-6). Let f(x) = 4*x**2 + x. Determine f(k).
5
Let i(u) = -u**3 - u**2 - u - 1. Suppose 0*r + 8 = -2*r, 4*r = -5*k - 26. Let p be i(k). Let j(o) = 5 + 22*o + 18*o + p*o**2 - o**3 - 43*o. Calculate j(4).
9
Let d = 65 + -64. Suppose 5*x - 15 = 0, x - 4 = -g + d. Let p(k) = -k**3 - 2*k**2 - k + 2. Give p(g).
-16
Let g(w) = -7*w + 1. Let o(q) = 19*q - 3. Let l(m) = -11*g(m) - 4*o(m). Let f(t) = t + 2. Let r(v) = 6*f(v) - 4*l(v). Determine r(-7).
-6
Let v(i) be the third derivative of -i**5/60 + i**3/3 + 5*i**2. Let f = -37 - -41. Give v(f).
-14
Let r(p) = -p**2 - 4*p + 18. Let a be r(-6). Let t(z) = -5*z**2 + z + 4. Let n(c) = -9*c**2 + 3*c + 9. Let i(f) = 4*n(f) - 7*t(f). Determine i(a).
2
Let m(y) be the second derivative of -y**4/12 - y**3/3 - 3*y**2/2 + 100*y + 1. Determine m(-3).
-6
Let j(q) = q**2 - 10*q + 9. Let r be j(9). Let m = r - -6. Let t(y) be the first derivative of y**4/4 - 5*y**3/3 - 7*y**2/2 - 8*y + 1. Calculate t(m).
-14
Let a(s) = 3*s - 5. Let u(k) = 1. Let h(g) = -a(g) - 6*u(g). Determine h(-1).
2
Let a(z) be the third derivative of -z**4/8 + z**3/6 - 50*z**2 + 4*z. Suppose 4*m = 4*j - 0*j - 8, 5*j - 2*m = -2. Calculate a(j).
7
Let v(n) = -7*n**3 + 5*n**2 + 8*n + 1. Let m = -110 + 113. Let u(p) = 4*p**3 - 2*p**2 - 4*p - 1. Let q(j) = m*v(j) + 5*u(j). Determine q(6).
-14
Let p(d) = -d**3 - 3 + 0*d**2 + 3*d + d**2 - 2*d**2. Let l be (0 - (8 - 12)*1) + -7. Determine p(l).
6
Let a(g) = g**3 + 5*g**2 + 6*g + 9. Let t be a(-4). Let u(j) = 4 + t - 7 - 3*j. What is u(-2)?
4
Let i(t) be the third derivative of -t**5/120 + 7*t**4/24 - 13*t**3/6 + 11*t**2. Let j(r) be the first derivative of i(r). Determine j(5).
2
Let k(v) = 168*v**2 + 8*v + 162*v**2 + 9 - 329*v**2. Suppose r + 5 = i, 0*i = -2*r + 5*i - 7. Let w = r - 0. What is k(w)?
-3
Let d = 13 - 11. Suppose 0 = -4*b + t + d*t - 13, 5*b = -t - 21. Let r(p) = -5*p**2 - 3. Let u(g) = g**2 + g. Let m(f) = r(f) + 6*u(f). Determine m(b).
-11
Let j(p) = 3*p - 39. Suppose 0 = 5*z + 4*k - 55, -2*z - 3*k = z - 33. Determine j(z).
-6
Let x(z) be the third derivative of -7*z**4/24 - z**3/2 + 2*z**2 - 97. Determine x(-2).
11
Let g(p) be the third derivative of -1/120*p**6 + 16*p**2 + 0*p + 0*p**5 + 0 + 1/24*p**4 - 1/3*p**3. Determine g(-2).
4
Suppose 4*l - 5*g = 17, 3*l - 18 = 12*g - 10*g. Let u(t) = -t**2 + 7*t + 4. What is u(l)?
-4
Let u be 6 + -2 + (-2 - -1). Suppose -21 = -4*y + y. Let p = y - u. Let z(o) = -o**3 + 3*o**2 + 3*o - 4. Give z(p).
-8
Let m = -260 + 265. Let d(s) = s**3 - 3*s**2 - 10*s - 4. What is d(m)?
-4
Let i(l) = -7*l + 0*l**2 + 2*l**2 - 3*l**2. Suppose -86*h = -90*h - 28. Give i(h).
0
Let v be 2/(-2) + (-2)/2. Let g be (-1*(0 + 0))/v. Let h(p) be the second derivative of -p**3/6 - 3*p**2 + 88*p + 3. What is h(g)?
-6
Let g(m) = 29*m - 258. Let y be g(9). Let o(w) = -w**2 + w. Calculate o(y).
-6
Let v(s) = s**2 - 6. Let p be v(-3). Suppose 0 = 2*k + p*i - 27, 29 = -k + 5*k + i. Let b(n) = n**3 - 5*n**2 - 5*n + 1. Determine b(k).
7
Let y(c) be the third derivative of -c**5/60 + c**4/8 + c**3/2 - 5*c**2 + 10*c. Suppose -s + 6 = -o, 0 = -s + 3. What is y(o)?
-15
Let y = 52 - 60. Let q be 5/(10/y) + 9. Let z(d) = -d**3 + 4*d**2 + 8*d - 4. Determine z(q).
11
Let s(h) = -h**3 - 5*h**2 - 6*h - 6. Let c(u) = -u**3 - u + 1. Let w(f) = -3*f**3 + 6*f**2 - f. Let k(g) = 2*c(g) - w(g). Let b be k(6). Calcu